*l**4/24 + 2*l**3/3 + l**2. Suppose 0 = -4*v - z + 25, 26 = 5*v + 2*z - 9. Calculate d(v).
4
Let q(f) = -f**2 - 7*f - 4. Let o be q(-5). Suppose -o + 4 = -2*c. Let s(k) = 8*k**2 - 1. What is s(c)?
7
Let h(q) be the second derivative of -2*q**3/3 - q**2/2 + 6*q. What is h(1)?
-5
Let k(y) = -y + 2 + y**3 - 2*y**2 - 2*y**2 + 1 - 4*y**2. Give k(8).
-5
Let v(d) be the second derivative of d**5/4 - d**2/2 - d. Let j be v(1). Let b(m) = 0 - 5*m**2 + m**3 + 2 - j. Calculate b(5).
-2
Let r = 0 - 0. Let h(g) be the first derivative of 2 + 1/2*g**2 - 1/4*g**4 - 1/3*g**3 + 3*g. What is h(r)?
3
Let v(z) = z. Let y be (-15)/(-25) - 3/5. Suppose y = 6*f - 7*f - 1. What is v(f)?
-1
Let n(q) be the third derivative of -q**5/60 - q**4/8 + 2*q**3/3 - 2*q**2. What is n(-3)?
4
Let q(y) = 1 - 14*y - 4*y + 20*y. Suppose 3 = 3*l, -3*w - 2*l + l - 8 = 0. Let o be (w/2 - -2)*6. Determine q(o).
7
Let a(o) = 2 - 3*o - 4*o - 3*o + 11*o. Give a(-5).
-3
Suppose 3*g + 10 = 4*g - 2*z, -z - 2 = 0. Let n(d) = d**2 - 8*d + 7. Calculate n(g).
-5
Let w(f) = -7*f - 1 - 5 - 7*f - f**2 - 4. What is w(-13)?
3
Let u(l) = -16*l + 13. Let r(p) = -9*p + 7. Let m(q) = 7*r(q) - 4*u(q). What is m(0)?
-3
Let f(u) be the first derivative of u**4/4 - 2*u**3 + 7*u**2/2 - 7*u + 4. Give f(5).
3
Let s(p) = -p - 17. Let x be s(-13). Let j(d) = 0 - 4 - 2*d + 0. What is j(x)?
4
Let l(z) be the second derivative of z**3/3 - 3*z**2/2 + z. Let y(m) = m**3 + 8*m**2 - m + 5. Let n be y(-8). Let t = n - 9. What is l(t)?
5
Suppose 3*i + 2*n - 11 = 0, 2*i - i - 7 = -4*n. Let k(q) = -8*q + 0*q + 3 - i. Determine k(-1).
8
Let r(t) = 4 - 2*t**2 - 7 + 3*t**2 - 4*t. Give r(6).
9
Suppose 4*r - 7 = 1. Let a(u) = 2 - 36*u**2 + 3*u + 35*u**r + 0. What is a(5)?
-8
Let t(k) = -2*k - 9. Let a be 9*4/36*3. Suppose 5*o = 0, 0*i + 18 = -a*i - 5*o. Give t(i).
3
Let c(a) = -13*a**3 - 16*a**2 + 33*a + 19. Let r(b) = -3*b**3 - 4*b**2 + 8*b + 5. Let z(q) = -2*c(q) + 9*r(q). Determine z(-5).
2
Let b(j) be the second derivative of 1/6*j**4 + 0 + j - 1/2*j**2 + 0*j**3 - 1/20*j**5. Suppose 3*h + 3*z = -12, -3*h - 15 = 3*z + z. Calculate b(h).
2
Let u be (6 - 3) + (4 - 0). Let j(v) = v**2 - 8*v. What is j(u)?
-7
Let m(o) = -7*o**2 + 2*o - 7. Let b(g) = 4*g**2 - g + 4. Suppose -q = -j + 3 + 7, j = -5*q - 20. Let u(s) = j*b(s) + 3*m(s). Calculate u(3).
-7
Let x(z) = -7*z**2 - z - 2. Let n(p) = 2*p - 9. Let k be n(6). Let q(d) = -20*d**2 - 3*d - 5. Let j(o) = k*q(o) - 8*x(o). Calculate j(1).
-4
Suppose -2*j + 5*s = -21, 0 = j - 0*s - 5*s - 23. Let b be j/2 - 1/1. Let m(l) = -2*l**2 + 3 - 5*l**3 - 2 + 2*l + 3*l**3. Give m(b).
5
Let j(h) = -h**3 - 6*h**2 - 2*h - 8. Let o(i) = -i + 9. Let t be o(15). What is j(t)?
4
Let s(z) = 11*z**2. Suppose -n + 0*n - 7 = 0. Let k = 8 + n. Let a(r) = -r. Let o be a(k). What is s(o)?
11
Let t(p) = p - 3. Let h = -7 - -11. Suppose -5*g = -3*x + h, -g - 5*x = -5*g - 11. Let k = 4 + g. Calculate t(k).
2
Let b(v) = v**3 + 5*v**2 + 4*v + 3. Let x be b(-4). Let k be 5/5 - x*1. Let l(p) = -p + 1. Calculate l(k).
3
Let p(m) be the first derivative of m**3/3 + 3*m**2 + 9*m - 2. Let f(q) be the first derivative of p(q). Give f(-6).
-6
Let t = 11 - 0. Let v(a) = 6*a - 8*a + 3*a - 8. Let y(r) = 3*r - 23. Let p(k) = t*v(k) - 4*y(k). What is p(4)?
0
Let y(f) = -f**3 - 4*f**2 - f + 1. Let k(p) = p**2 - p - 2. Let l be k(-2). Suppose -l*h - h - 10 = 0. Calculate y(h).
-5
Let r(x) = -x - 11. Let j(a) = a + 6. Let m(s) = -11*j(s) - 6*r(s). Let t = -2 - -1. Calculate m(t).
5
Let q(t) = t**2 + 4*t + 2. Let r be q(-4). Let d(p) = -p + 3*p**3 - r*p**3 + p**3. Determine d(-1).
-1
Let t(g) be the first derivative of -g**7/840 - g**6/90 + g**5/20 + g**4/12 + 2*g**3/3 + 2. Let v(c) be the third derivative of t(c). What is v(-5)?
-3
Let g(b) be the first derivative of 3*b - 1/6*b**3 - 3 - 1/2*b**2. Let f(x) be the first derivative of g(x). Determine f(-5).
4
Let j(z) = 3*z + 6. Suppose -10 = -d - 4*d. Suppose -2*l = -4*m + 44, 2*l + 7 = -d*m - 13. Let w = l - -9. Calculate j(w).
-9
Let j(q) = 2*q + 6. Let y = 63 - 70. Give j(y).
-8
Let a(r) = 3 + 2*r - r**2 - r + 5*r. Suppose -o = -3*h + 4, -3*h = -5*h + 6. Give a(o).
8
Suppose 6*s = -4*x + 4*s + 6, 4*s + 8 = 2*x. Suppose 10 = 5*z - x*w + 3, w = -5*z + 4. Let v(i) = -3 + 3*i + 1 + i**2 - z. Determine v(-4).
1
Suppose 9 = t - 2*t + 3*a, 5*t + 3*a - 9 = 0. Suppose -p - 23 = m + 4*m, -5*p - 5*m = 15. Let n(y) = -11*y**p + 12*y**2 + 1 + y - 9. What is n(t)?
-8
Let s(a) = -a**2 - 3*a - 5. Suppose -4*m = -3 - 5. Let p(k) = -k**2 - k + 2. Let g be p(m). What is s(g)?
-9
Let c(a) = -a**2 + 8*a - 2. Let f(o) = o**2 + 3*o - 11. Let i be f(-6). Calculate c(i).
5
Let d(g) = -5*g**2 - 4*g + 6. Let k(p) = -p**2 - p + 1. Let u(v) = -2*d(v) + 11*k(v). Calculate u(-2).
1
Suppose -c - 5*n + 0*n + 3 = 0, -3*n + 9 = -3*c. Let b(u) = -u - 1. Calculate b(c).
1
Let b(h) be the second derivative of h**4/12 - 3*h**3/2 + 9*h**2/2 + 24*h. Calculate b(6).
-9
Let d(z) = -z**3 - 5*z**2 + z + 5. Suppose -5*x = -2 + 27. What is d(x)?
0
Let u(j) = j**2 - 4*j - 4. Let w = 178 + -269. Let a be 1/(-4) + w/(-28). Give u(a).
-7
Let h(x) = x**3 + 2*x**2 - 3*x - 2. Let p be h(-3). Let v be (p/(-6))/((-3)/(-27)). Let m(w) = 4*w - 3*w - 3 - v*w. Give m(-3).
3
Let m(r) = -2 + 4 - 27*r - r**2 + 3 + 30*r. Determine m(4).
1
Suppose 0 = -n + 3*n. Let k(y) = 2*y + 20. Let c(d) = 3*d + 30. Let f(w) = -5*c(w) + 8*k(w). Give f(n).
10
Let s(i) = i - 1. Let t(l) = -3*l - 33. Let c be t(-10). Give s(c).
-4
Let n(x) = x**3 - 11*x**2 + 1. Let l(r) = 2*r**3 - 12*r**2 + 1. Let y(u) = 2*l(u) - 3*n(u). Calculate y(-9).
-1
Let z(j) be the third derivative of 0 + 1/120*j**6 + j**2 + 0*j - 1/12*j**4 + 1/6*j**3 + 0*j**5. Give z(2).
5
Let a(n) = -2*n**3 - 4*n**2 - n + 2. Suppose 6 = -6*m + 4*m, 0 = -3*w + 2*m. What is a(w)?
4
Let h(s) = -s**2 + s. Let w(i) = i + 1. Suppose 8*z - 3*z - 30 = 0. Let o(f) = z*w(f) - h(f). What is o(-4)?
2
Let j(p) = -31 - 4*p**2 + 5*p**3 + 5*p**2 - 17*p**2 + 19*p - 9*p**2. Let d(i) = i**3 - 5*i**2 + 4*i - 6. Let h(b) = -11*d(b) + 2*j(b). Give h(4).
-4
Let h(g) = g**3 - 2*g**3 - 2*g + 8 - 5*g**2 - 17. Let c(i) = -1. Let j(x) = 4*c(x) - h(x). Let o be 10/4*-2 - 0. What is j(o)?
-5
Let y be 1/(-1)*2 - -8. Let r(w) = -w + y - 3 + 2. Calculate r(3).
2
Let m(s) = s**3 - 8*s**2 - 8*s - 11. Let v(d) = -3*d**2 - 3*d - 4. Let z(w) = 3*m(w) - 8*v(w). Give z(-1).
-4
Let q(y) = 3*y - 21. Let x(d) = d - 7. Let c(k) = 2*q(k) - 7*x(k). Calculate c(0).
7
Let b(h) = -7*h - 20. Let a(f) = 10*f + 30. Let g(t) = 5*a(t) + 7*b(t). Determine g(-10).
0
Let q(u) be the first derivative of u**4/12 + 5*u**3/6 + 7*u**2/2 + 4*u - 2. Let d(r) be the first derivative of q(r). Calculate d(-5).
7
Let m(s) = 4*s - 1. Let n(q) = 10*q - 2. Let f(b) = 5*b - 1. Let c(x) = 7*f(x) - 3*n(x). Let v(a) = -5*c(a) + 6*m(a). Calculate v(-2).
1
Let g(u) be the first derivative of -u**4/4 - 8*u**3/3 - 3*u**2 + u - 9. Calculate g(-7).
-6
Suppose 1 + 1 = -w. Let y(c) = -c**2 - 9*c + 3. Let p be y(-9). Let o(t) = 3 + p*t + 0*t - t**3 + 0*t**3. Determine o(w).
5
Let q = 30 - 43. Suppose 0 = p + 2*p + 15, 0 = 3*h + 4*p - 7. Let s = q + h. Let c(w) = -w**2 - 4*w + 4. Calculate c(s).
4
Let t be (-4)/(-16) - 7/(-4). Let z(s) = -7*s - 4. Let f(c) = 15*c + 9. Let a(o) = -6*f(o) - 13*z(o). Calculate a(t).
0
Let w(n) = -n**3 - 2*n**2 + 4*n - 2. Let s = -2 - -4. Calculate w(s).
-10
Let j(d) be the first derivative of -d**4/8 + d**3/2 + 5*d**2/2 + 1. Let t(m) be the second derivative of j(m). What is t(4)?
-9
Let b(t) = -t**3 - 4*t**2 + 1. Let h be (-7)/(-35) - 21/5. Determine b(h).
1
Let d(m) be the third derivative of m**5/60 - m**4/24 - 25*m**2. Determine d(1).
0
Let j(i) = -3*i - 8. Let x(w) = w + 4. Let z(f) = -2*j(f) - 5*x(f). Let k(l) = -l**3 - 7*l**2 + 7*l - 2. Let m be k(-8). Give z(m).
2
Let m(f) = 6*f**2 - 25*f - 10. Let o(p) = -p**2 + 5*p + 2. Let q(c) = -2*m(c) - 11*o(c). Suppose -3*y = -2*y + 4. Calculate q(y).
2
Let k(v) = 2*v + 4. Let t(r) = r**3 - 15*r**2 - 2*r + 26. Let g be t(15). Calculate k(g).
-4
Let p(j) = 1 + 2 - j + 9. Determine p(8).
4
Let u(i) = 5*i + 5. Suppose 7*k + 7 = -0*k. Let c be 2 + 1 + k - 6. What is u(c)?
-15
Let n(y) = -5*y - 4. Let u(x) = 4*x + 5. Let q(b) = -3*n(b) - 4*u(b). Let s be (-22)/6 - (-6)/(-18). Determine q(s).
-4
Let t(a)